ose j*q + 0*q - 8 = 0. Suppose 4*r - 38 = -q*z, -5*z + 3*r - r = -155. Calculate the remainder when z is divided by 15.
14
Suppose -5*l = -10*l. Let r(i) = i + 41. Let n be r(l). Let u = n - 37. Calculate the remainder when 34 is divided by u.
2
Calculate the remainder when (-10)/3*(-18)/10 is divided by 4.
2
Suppose -3*r = 2*d - 5*r - 58, 4*d - 114 = 2*r. What is the remainder when d is divided by 7?
0
Suppose 3*z - 41 = -g, 2*z + 192 = 4*g + 7*z. What is the remainder when 313 is divided by g?
48
What is the remainder when 144 is divided by 2*(-352)/(-11) - 6?
28
Suppose 7*u = -98 + 406. Calculate the remainder when 301 is divided by u.
37
Suppose 479 = 5*i - 4*u, 0 = -i + 4*u + 16 + 83. Calculate the remainder when i is divided by 17.
10
Let d(f) = f**2 + 4*f + 6. Let n be d(-3). Let a = n - -6. Let g(o) = 5*o**3 + 2*o - 1. What is the remainder when a is divided by g(1)?
3
Suppose 57*o = 64*o - 21. Suppose i - 4*y - o = -6*y, -5*i = -y - 4. Calculate the remainder when 3 is divided by i.
0
Let o(t) = -t**3 + 12*t**2 + 6*t - 14. Suppose 0 = 2*s - 3*q - 63, 6*s - 2*s - q = 121. Calculate the remainder when o(12) is divided by s.
28
Suppose -k + 1 - 6 = 2*m, -5*k + m + 19 = 0. Suppose 120 = k*a - 12. Suppose 5*j - 40 = -i + 1, -5*j - 4*i = -a. What is the remainder when j is divided by 3?
2
Suppose 2*a + 36 = -2*a. Let m = 3 + 11. Let p = m + a. Calculate the remainder when 8 is divided by p.
3
Suppose 148 + 105 = 5*n + 2*d, -2*n = 5*d - 97. Calculate the remainder when 246 is divided by n.
42
Let f(r) = 2*r**2 + 10*r - 8. Suppose 13*l - 10*l - 90 = 0. Suppose 0 = 3*z - l. Calculate the remainder when z is divided by f(-6).
2
Let d(x) = -2*x + 2. Let w be d(1). Suppose -2*o = -44 - 14. Suppose w = 5*a + o - 94. What is the remainder when 49 is divided by a?
10
Let s = -80 - -133. Let o = -29 + s. Calculate the remainder when 46 is divided by o.
22
Let k = 8 + -6. Suppose 2*m = 4*m - k. Suppose -64 = -5*w + 2*i, w - 4*i - i = -m. Calculate the remainder when w is divided by 8.
6
Suppose n = -2*c + 1, -9*n - 4*c = -6*n - 13. Let y(d) = -d**2 + 9*d + 6. What is the remainder when y(7) is divided by n?
9
Let p(x) = -4*x**3 - 4*x**2 - 2*x + 2. Let m be p(-2). Let i = 52 - m. Calculate the remainder when (1*10/(-15)*-3)/(2/58) is divided by i.
28
Let u be 4 - (0 - 1)/(-1). Suppose 5*v = -4*o + 116, -5*o + 58 = -u*o - 3*v. Let l(i) = -13*i + 203. What is the remainder when o is divided by l(15)?
5
Let y(t) = 2*t**2 + 36*t - 58. Calculate the remainder when 502 is divided by y(-20).
18
Suppose -147 = -p - 2*p. Suppose 7*f - 322 = p. What is the remainder when f is divided by 19?
15
Suppose -31 = -5*a + 64. What is the remainder when 85 is divided by a?
9
Suppose -3*h = -0*g + 3*g - 6, 3*g - 2*h - 6 = 0. Let q be -1 + g + 4 + -3. Calculate the remainder when 0 + (q - (-57)/1) is divided by 20.
19
Let m = 136 + -75. Suppose 0 = -2*g - 3 + m. What is the remainder when 143 is divided by g?
27
Let u = -1140 - -1184. Calculate the remainder when u is divided by 12.
8
Let q = -214 - -711. Calculate the remainder when q is divided by 101.
93
Suppose -2*s + 111 = s - 3*v, 4*v - 52 = -s. Suppose -s = -4*k + 3*k. What is the remainder when k is divided by (-2 + 3)*28/2?
12
Suppose -2*t = t - 8190. Suppose -4*o + 5*v - t = -9*o, -1637 = -3*o - 2*v. Suppose -4*h = h - o. Calculate the remainder when h is divided by 37.
35
Let j(o) be the first derivative of o**2/2 - o - 11. What is the remainder when 58 is divided by j(11)?
8
Suppose -9 + 57 = 6*q. Suppose 4*x + q = 0, -52 + 178 = p + 2*x. Calculate the remainder when p is divided by 11.
9
Let v(y) = y**3 + 28*y**2 - 18*y - 8 + 19*y**2 - 33*y**2. What is the remainder when v(-15) is divided by -2 - -1 - 14*-1?
11
Suppose 3*z = 5*z + 58. Let h = z - -50. What is the remainder when h is divided by 1 - (0 - 11)*1?
9
Let w(m) = 28*m**2 - 4*m. What is the remainder when w(-3) is divided by 17?
9
Let f = 45 + -42. What is the remainder when 21 is divided by (18/4)/f*(-198)/(-27)?
10
Suppose 4*i + 18 = 14, -5*u - 4*i + 41 = 0. Calculate the remainder when 637 is divided by u.
7
Suppose 6*p - 4*p - 8 = -4*t, 4*t - 28 = 3*p. Suppose -39 = -f + v, 164 = t*f + v - 3*v. Calculate the remainder when f is divided by 12.
7
Let s = 249 + -149. Let y = -69 + s. What is the remainder when y is divided by 16?
15
Suppose -3*b - h = -4 - 5, 5*b - 2*h - 4 = 0. Let r(q) = -q + q**2 - 4*q - 11 + b*q + 5. What is the remainder when 33 is divided by r(6)?
9
Calculate the remainder when 22 is divided by (1 - 24/15)/((-1)/10).
4
Let p(j) = 2*j**2 + j - 1. What is the remainder when 156 is divided by p(-4)?
21
Suppose 6*h = -933 + 993. Suppose -3*b + 0*m + 5*m + 164 = 0, 5*b = -4*m + 224. What is the remainder when b is divided by h?
8
Let u = -1720 + 1739. Calculate the remainder when 63 is divided by u.
6
Calculate the remainder when (-4 + 7)*(-8)/((-144)/978) is divided by 6.
1
Let u(d) = 46*d**3 - d**2 + 2*d - 1. Suppose -3*l = -2 - 1. Suppose 5*c + 3*m = 83, 0 = -2*m + 6 - 4. Calculate the remainder when u(l) is divided by c.
14
Suppose -m + 35 = -5*f, 2*f + 7 = -3. Suppose 0*p + p - 49 = 0. Calculate the remainder when p is divided by m.
9
Let o be (4 + (-18)/5)*-115. Let b = -11 - o. Calculate the remainder when b is divided by 9.
8
Let t = -221 - -343. Calculate the remainder when t is divided by 3/(18/30)*5.
22
What is the remainder when 22 is divided by 4/(-1) - (-204)/17?
6
Let d = -85 - -172. Suppose -130 = -8*g + 46. What is the remainder when d is divided by g?
21
Let n be ((-5)/(-3))/(5/15). Suppose 3*z = u - 19, 4 = n*u - z - 49. What is the remainder when 28 is divided by u?
8
Let g(h) = 14*h**2 - 8*h - 5. Calculate the remainder when g(3) is divided by 7.
6
Let f be (-32)/6 - 2/3. Suppose 0 = z - 3*v - 16, -3*z = -9*v + 12*v. Calculate the remainder when 26 is divided by (f/(-5))/(z/30).
8
Let c = -205 - -403. Let i = c - 87. What is the remainder when i is divided by 29?
24
Suppose 0 = 5*v - 4*c - 94, -2*v + c = 3*v - 106. What is the remainder when 97 is divided by v?
9
Suppose m - 35 = 2*y + 2, 3*y = 0. Let k = -36 + m. What is the remainder when 3 is divided by k?
0
Let v = 14 + -8. Calculate the remainder when (0 - 5)/((-2)/12) is divided by (240/10)/(9/v).
14
Let o(q) = 18*q**3 + 3*q - 3. What is the remainder when 115 is divided by o(1)?
7
Let v(u) = 3*u + 1. Let j(x) = 3*x - 4. Let i(p) = 2*p - 6. Let d be i(7). Calculate the remainder when j(d) is divided by v(2).
6
Let n be -2*(-3732)/18*3/4. Let q = 502 - n. Calculate the remainder when q is divided by 48.
47
Let w = 3 - 10. Let d(u) = u**3 + 8*u**2 + 6*u - 1. Let h(r) = 8*r + 39. Calculate the remainder when h(-3) is divided by d(w).
3
Let s = 68 + -50. Let k(d) = 5*d - 10. Calculate the remainder when s is divided by k(4).
8
Suppose 1 = -2*w + 5*a, -a + 4 - 17 = 4*w. Let s = -2 - w. What is the remainder when (-10)/(-15) + 21/9 is divided by s?
0
Let c = -46 + 66. Suppose -9*u = -4*u + 335. Let q = u + 125. Calculate the remainder when q is divided by c.
18
Suppose 3*m - 6*m + 207 = 0. Let c(v) = 2*v**3 + 4*v**2 + 2. Let w be c(3). Suppose -9*o = -w - 70. What is the remainder when m is divided by o?
15
Let j(k) = -k. Let f be j(-3). Suppose 3*g - 16 = -4*w, -4*g = -0*w - f*w - 38. Suppose -19*l = -25*l + 30. Calculate the remainder when g is divided by l.
3
Suppose -85 = 5*c + 645. Let q be 1*140/(-10)*(2 - 1). Calculate the remainder when (-16)/(-28) + c/q is divided by 5.
1
Let c = 63 + -59. Let u(k) = -2*k + 1. Let y be u(-1). Suppose -y*t - 37 = -4*t + 4*q, -5*q = -c*t + 148. What is the remainder when t is divided by 10?
7
Calculate the remainder when 9/(1/(-28)*-2) is divided by 35.
21
Let n = -971 + 1034. Let t be (-11)/(-2) - 2/4. Suppose -k + 117 = -s, t*s - 60 - n = -k. What is the remainder when k is divided by 30?
28
Suppose 0 = 5*d - 4*w - 46, 5*d - w - 21 = 13. Calculate the remainder when 13 is divided by d.
1
Calculate the remainder when 1461/4 + 81/(-36) is divided by 26.
25
Suppose -578*t + 569*t + 954 = 0. What is the remainder when 422 is divided by t?
104
Let c be 2 + -2 + 5 + -2. Suppose 3*g = -3*b + 30 + 69, -b = -c*g + 91. Let m = -17 + g. Calculate the remainder when m is divided by 8.
6
Let o(n) = -n**3 + 7*n**2 + n - 7. Let m b